when 7034 is divided by 102?
98
Calculate the remainder when 573 is divided by 48.
45
What is the remainder when 3940 is divided by 27?
25
What is the remainder when 68 is divided by 18?
14
Calculate the remainder when 2157 is divided by 80.
77
Calculate the remainder when 37 is divided by 23.
14
Calculate the remainder when 671 is divided by 130.
21
Calculate the remainder when 2590 is divided by 39.
16
Calculate the remainder when 114 is divided by 59.
55
What is the remainder when 723 is divided by 121?
118
What is the remainder when 1305 is divided by 54?
9
What is the remainder when 118 is divided by 5?
3
Calculate the remainder when 345 is divided by 3.
0
Calculate the remainder when 268 is divided by 34.
30
Calculate the remainder when 188 is divided by 42.
20
Calculate the remainder when 173 is divided by 163.
10
What is the remainder when 72 is divided by 3?
0
What is the remainder when 454 is divided by 35?
34
Calculate the remainder when 502 is divided by 5.
2
What is the remainder when 66 is divided by 17?
15
Calculate the remainder when 72 is divided by 27.
18
What is the remainder when 355 is divided by 26?
17
What is the remainder when 2105 is divided by 68?
65
Calculate the remainder when 7738 is divided by 15.
13
What is the remainder when 1093 is divided by 122?
117
What is the remainder when 156 is divided by 79?
77
Calculate the remainder when 62 is divided by 33.
29
What is the remainder when 815 is divided by 803?
12
What is the remainder when 8158 is divided by 20?
18
Calculate the remainder when 5379 is divided by 13.
10
Calculate the remainder when 285 is divided by 275.
10
Calculate the remainder when 302 is divided by 47.
20
Calculate the remainder when 2507 is divided by 168.
155
Calculate the remainder when 236 is divided by 37.
14
What is the remainder when 788 is divided by 201?
185
Calculate the remainder when 167 is divided by 30.
17
Calculate the remainder when 179 is divided by 33.
14
What is the remainder when 24204 is divided by 7?
5
What is the remainder when 673 is divided by 45?
43
What is the remainder when 537 is divided by 100?
37
What is the remainder when 310 is divided by 20?
10
What is the remainder when 654 is divided by 165?
159
Calculate the remainder when 255 is divided by 17.
0
Calculate the remainder when 81 is divided by 22.
15
Calculate the remainder when 114 is divided by 98.
16
Calculate the remainder when 96 is divided by 34.
28
What is the remainder when 58 is divided by 16?
10
What is the remainder when 830 is divided by 76?
70
What is the remainder when 50 is divided by 20?
10
Calculate the remainder when 574 is divided by 10.
4
What is the remainder when 83 is divided by 20?
3
Calculate the remainder when 1448 is divided by 650.
148
Calculate the remainder when 177 is divided by 14.
9
Calculate the remainder when 101 is divided by 34.
33
What is the remainder when 533 is divided by 142?
107
Calculate the remainder when 592 is divided by 17.
14
What is the remainder when 2086 is divided by 692?
10
Calculate the remainder when 9969 is divided by 2.
1
Calculate the remainder when 359 is divided by 20.
19
What is the remainder when 162 is divided by 34?
26
What is the remainder when 12 is divided by 8?
4
What is the remainder when 207 is divided by 12?
3
Calculate the remainder when 251 is divided by 80.
11
What is the remainder when 468 is divided by 10?
8
What is the remainder when 11221 is divided by 8?
5
Calculate the remainder when 15055 is divided by 19.
7
Calculate the remainder when 189 is divided by 114.
75
What is the remainder when 214 is divided by 18?
16
Calculate the remainder when 203 is divided by 16.
11
What is the remainder when 1754 is divided by 147?
137
What is the remainder when 442 is divided by 11?
2
Calculate the remainder when 6 is divided by 4.
2
What is the remainder when 4204 is divided by 5?
4
Calculate the remainder when 658 is divided by 22.
20
What is the remainder when 8179 is divided by 101?
99
What is the remainder when 17 is divided by 6?
5
Calculate the remainder when 961 is divided by 33.
4
Calculate the remainder when 4713 is divided by 36.
33
What is the remainder when 1304 is divided by 262?
256
What is the remainder when 6424 is divided by 40?
24
Calculate the remainder when 106 is divided by 37.
32
What is the remainder when 177 is divided by 26?
21
What is the remainder when 11756 is divided by 112?
108
What is the remainder when 250 is divided by 51?
46
What is the remainder when 4780 is divided by 63?
55
Calculate the remainder when 522 is divided by 503.
19
Calculate the remainder when 3225 is divided by 83.
71
Calculate the remainder when 138 is divided by 32.
10
What is the remainder when 159 is divided by 67?
25
What is the remainder when 7362 is divided by 199?
198
Calculate the remainder when 229 is divided by 7.
5
What is the remainder when 564 is divided by 178?
30
What is the remainder when 43 is divided by 10?
3
What is the remainder when 352 is divided by 123?
106
What is the remainder when 107 is divided by 2?
1
Calculate the remainder when 27709 is divided by 64.
61
What is the remainder when 502 is divided by 56?
54
What is the remainder when 2020 is divided by 293?
262
What is the remainder when 1105 is divided by 124?
113
Calculate the remainder when 3261 is divided by 99.
93
Calculate the remainder when 219 is divided by 74.
71
What is the remainder when 467 is divided by 118?
113
Calculate the remainder when 208 is divided by 54.
46
What is the remainder when 3270 is divided by 181?
12
What is the remainder when 768 is divided by 155?
148
Calculate the remainder when 809 is divided by 74.
69
What is the remainder when 53 is divided by 33?
20
What is the remainder when 450 is divided by 6?
0
What is the remainder when 761 is divided by 251?
8
What is the remainder when 42 is divided by 12?
6
Calculate the remainder when 152 is divided by 23.
14
Calculate the remainder when 85 is divided by 44.
41
Calculate the remainder when 11928 is divided by 10.
8
Calculate the remainder when 1366 is divided by 12.
10
Calculate the remainder when 246 is divided by 50.
46
Calculate the remainder when 125 is divided by 102.
23
Calculate the remainder when 3046 is divided by 1013.
7
Calculate the remainder when 86 is divided by 28.
2
What is the remainder when 2180 is divided by 168?
164
Calculate the remainder when 150 is divided by 11.
7
Calculate the remainder when 84 is divided by 56.
28
What is the remainder when 259 is divided by 27?
16
Calculate the remainder when 5182 is divided by 247.
242
Calculate the remainder when 4118 is divided by 18.
14
What is the remainder when 4465 is divided by 203?
202
Calculate the remainder when 82 is divided by 56.
26
What is the remainder when 103 is divided by 27?
22
What is the remainder when 2290 is divided by 321?
43
Calculate the remainder when 1327 is divided by 5.
2
What is the remainder when 621 is divided by 39?
36
Calculate the remainder when 246 is divided by 124.
122
Calculate the remainder when 32 is divided by 21.
11
Calculate the remainder when 216 is divided by 46.
32
Calculate the remainder when 8775 is divided by 22.
19
Calculate the remainder when 517 is divided by 35.
27
What is the remainder when 708 is divided by 21?
15
What is the remainder when 172 is divided by 58?
56
What is the remainder when 8767 is divided by 111?
109
What is the remainder when 1337 is divided by 20?
17
Calculate the remainder when 53 is divided by 2.
1
What is the remainder when 1344 is divided by 25?
19
What is the remainder when 116 is divided by 8?
4
Calculate the remainder when 884 is divided by 89.
83
What is the remainder when 3869 is divided by 79?
77
Calculate the remainder when 153 is divided by 58.
37
What is the remainder when 1340 is divided by 28?
24
What is the remainder when 3349 is divided by 48?
37
What is the remainder when 20875 is divided by 146?
143
Calculate the remainder when 135 is divided by 32.
7
What is the remainder when 1262 is divided by 113?
19
Calculate the remainder when 439 is divided by 363.
76
What is the remainder when 3283 is divided by 62?
59
What is the remainder when 264 is divided by 253?
11
Calculate the remainder when 349 is divided by 39.
37
What is the 